32340
In base 10, what is 1417935 - -5?
1417940
In base 11, what is -111aa - -132?
-11078
In base 7, what is 101205115 - 46?
101205036
In base 14, what is d0 - -8b7497?
8b7587
In base 15, what is 66 - 71a816?
-71a7a0
In base 16, what is -6547d6c + 5?
-6547d67
In base 15, what is -1e95a7 - 5?
-1e95ac
In base 11, what is 54 - -5a5400?
5a5454
In base 13, what is -277 + 80c9a?
80a23
In base 11, what is -302a6 + -3a9a?
-34295
In base 2, what is 10011 + -10110110011011011110?
-10110110011011001011
In base 12, what is 2b1ba64 - -5?
2b1ba69
In base 6, what is -111544 + 3211334?
3055350
In base 2, what is -101110110 - -100001011100101?
100000101101111
In base 8, what is -41715273 + -2?
-41715275
In base 15, what is -6 - -48a08?
48a02
In base 2, what is 1011100010001010 - -111101000?
1011101001110010
In base 8, what is -110333367 - 3?
-110333372
In base 4, what is 12302312 + 3131?
12312103
In base 2, what is -100001001011001010011001 - 110101?
-100001001011001011001110
In base 11, what is 39602 + -12?
395a0
In base 12, what is -346856b - -3?
-3468568
In base 12, what is 580 + -49b0?
-4430
In base 16, what is -5 + a0f896f?
a0f896a
In base 10, what is 517 + -36097?
-35580
In base 6, what is 155345 + 332052?
531441
In base 4, what is -20121111 - -22200?
-20032311
In base 13, what is 12 + -3033c17?
-3033c05
In base 5, what is -34100104204 + -1?
-34100104210
In base 16, what is 1a556 + -1a?
1a53c
In base 13, what is -34a270 + -9?
-34a279
In base 6, what is -5143322300 + 3?
-5143322253
In base 8, what is 4570 - 556163?
-551373
In base 15, what is 65 - -29757?
297bc
In base 11, what is -2a11375 + 22?
-2a11353
In base 10, what is 2 + -137158163?
-137158161
In base 8, what is -53024403 + 5?
-53024376
In base 2, what is -111011 + -10000111000010110000110?
-10000111000010111000001
In base 16, what is a7 - 3d4e1d?
-3d4d76
In base 14, what is -3 + -d42bb12?
-d42bb15
In base 12, what is 5 + -101bb18?
-101bb13
In base 14, what is -273898 - -8?
-273890
In base 14, what is -4 + -1881b38?
-1881b3c
In base 7, what is -10064153 - 20?
-10064203
In base 12, what is -3275 + -2146?
-53bb
In base 2, what is 10011000 + 100111010100010?
100111100111010
In base 6, what is 20012445024 + 14?
20012445042
In base 10, what is 21 + -81145?
-81124
In base 3, what is 100111201 - -111121200?
212010101
In base 15, what is -1604179 + -1?
-160417a
In base 11, what is 4724307 - -16?
4724322
In base 11, what is -56854 - 399?
-57142
In base 10, what is -7336163 + 62?
-7336101
In base 10, what is 11134 - 3354?
7780
In base 15, what is -20034 + -765?
-20799
In base 3, what is 201122 + 11001110?
11210002
In base 3, what is -20101220 - -12011?
-20012202
In base 16, what is 74 + 2fb5?
3029
In base 3, what is 2201100101121210001 - 10?
2201100101121202221
In base 5, what is 140321421 - -21?
140321442
In base 7, what is 5102 - -1001200?
1006302
In base 4, what is -1020320 + 112110?
-302210
In base 7, what is 3 - -15464642?
15464645
In base 7, what is 3 + -502154652?
-502154646
In base 11, what is -199a + -244a?
-4339
In base 16, what is 1 + 1801b?
1801c
In base 14, what is -2 - -2423659?
2423657
In base 7, what is 5 - 2366420321?
-2366420313
In base 11, what is -574681 - -22?
-57465a
In base 5, what is -44014 - 102330?
-201344
In base 13, what is 769 + 3b63?
45cc
In base 14, what is 27088 + 1929?
289b3
In base 4, what is 23231022 + 110123?
30001211
In base 13, what is 2 - -2c66385?
2c66387
In base 4, what is 213311 + 200300031?
201120002
In base 11, what is -11 - -3a4a090?
3a4a07a
In base 3, what is -201210001110211 + -121?
-201210001111102
In base 9, what is -2 - -8833228?
8833226
In base 2, what is -10100010101110 + 1010100010?
-10011000001100
In base 16, what is 18 - -3b4fdb?
3b4ff3
In base 15, what is -dc - 2dba9?
-2dc96
In base 10, what is -32383149 + 5?
-32383144
In base 4, what is -12 - 11100211123012?
-11100211123030
In base 3, what is -102020 + -2222111?
-10101201
In base 5, what is 2 + -1400410?
-1400403
In base 5, what is -3 + 3012302432?
3012302424
In base 12, what is -5 - 81147a?
-811483
In base 16, what is -dc - bf1a?
-bff6
In base 12, what is 417344 - -3?
417347
In base 5, what is 1142 - 2401101?
-2344404
In base 11, what is 99a896 - 34?
99a862
In base 4, what is -1031110 - 10300123?
-11331233
In base 9, what is 1323066404 - 4?
1323066400
In base 5, what is 2 + 103340004212?
103340004214
In base 13, what is -255 + 15021?
14a99
In base 15, what is -2 - -36adcb6?
36adcb4
In base 11, what is -1330 - 224a?
-357a
In base 2, what is 111101 - -1010010000001001001111?
1010010000001010001100
In base 14, what is -2265b542 - 5?
-2265b547
In base 16, what is 67a5 + -d76?
5a2f
In base 2, what is -11 + -100110110101001011011000111?
-100110110101001011011001010
In base 14, what is 4 + -29195d?
-291959
In base 12, what is 1a6 + -316b2?
-31508
In base 10, what is -8842 + -62243?
-71085
In base 10, what is 18910 - -752?
19662
In base 12, what is 2b002b0 - -1?
2b002b1
In base 5, what is 20130 - 2024201?
-2004021
In base 12, what is a5610b3 + -2?
a5610b1
In base 16, what is 164ba + -24?
16496
In base 7, what is 254256111 + 22?
254256133
In base 13, what is b + -3261c80?
-3261c72
In base 8, what is 2245577 - -12?
2245611
In base 11, what is 61206 + -8a0?
60416
In base 10, what is 52 + 557791?
557843
In base 15, what is 16 - 427a98?
-427a82
In base 6, what is 13400135041 + -12?
13400135025
In base 8, what is 2 - 1115615774?
-1115615772
In base 14, what is -10 + -6d22a74?
-6d22a84
In base 11, what is -7 + 132315?
132309
In base 2, what is 100100101001101110011101 + -1011?
100100101001101110010010
In base 15, what is -6eb + -17387?
-17a83
In base 11, what is -2151 - 57459?
-595aa
In base 15, what is -1068bad + 5?
-1068ba8
In base 5, what is -14220200210 - 112?
-14220200322
In base 2, what is -10000101011 + -11100110011011?
-11110111000110
In base 3, what is 12122020 + 1121010211?
1210210001
In base 11, what is -22 - 5257106?
-5257128
In base 2, what is 10001 + 11110001111101011110?
11110001111101101111
In base 7, what is 4 + 13164434250?
13164434254
In base 3, what is 100002 + 212202211?
220002220
In base 4, what is 121 + -1223031003032?
-1223031002311
In base 5, what is -1411313 - 24241?
-1441104
In base 9, what is -2 - -5263555?
5263553
In base 12, what is -9219511 - 5?
-9219516
In base 7, what is 341 - 165623?
-165252
In base 8, what is -253 - 2055?
-2330
In base 12, what is 4285aa23 + 2?
4285aa25
In base 4, what is 201 - -331023103?
331023310
In base 4, what is -1031 + 301210133?
301203102
In base 4, what is -123 + -12131301?
-12132030
In base 13, what is -172 - 9a0?
-b42
In base 9, what is 1064 - -3522?
4586
In base 8, what is -453 - -311232?
310557
In base 8, what is -2031 + -471720?
-473751
In base 13, what is 5 - -20c0835?
20c083a
In base 5, what is -41 + -220320010?
-220320101
In base 2, what is 111011101011000100100 + 1010100?
111011101011001111000
In base 11, what is -5 - -7111a22a?
7111a225
In base 2, what is 110111001110010101 + 11111?
110111001110110100
In base 4, what is 122200320123 + -3?
122200320120
In base 7, what is -13 - -42034123?
42034110
In base 15, what is 15dbc3c - 1c?
15dbc20
In base 4, what is 10 + 200210222113?
200210222123
In base 4, what is -1221202003 + 2203?
-1221133200
In base 2, what is -101011100001100101111111010 + -100?
-101011100001100101111111110
In base 10, what is -17 + 385785?
385768
In base 12, what is -19409a1 + -3?
-19409a4
In base 5, what is -10201 - -132231323?
132221122
In base 3, what is -1 + 102200221010201?
102200221010200
In base 5, what is -120134 - 13224?
-133413
In base 9, what is 851620 + -285?
851324
In base 10, what is 6 + -85336761?
-85336755
In base 7, what is -32114200 - -61?
-32114106
In base 10, what is 16889647 - -3?
16889650
In base 15, what is -4 - 41e4b67?
-41e4b6b
In base 3, what is 11200221220111 - -1?
11200221220112
In base 7, what is 342 + -3021264?
-3020622
In base 4, what is -10123 - 1000312201?
-1000322330
In base 14, what is -107 - -3b9b?
3a94
In base 9, what is 4674073 + -13?
4674060
In base 13, what is 16 + -249b21?
-249b08
In base 5, what is -11 + -232224234003?
-232224234014
In base 15, what is 5d44a + 4?
5d44e
In base 5, what is 121 - -3103240201?
3103240322
In base 3, what is -102120022212 + -201220?
-102121001202
In base 16, 